nd q.
23
Suppose -45 = -2*y - 9*u + 12*u, -5*y + 78 = 4*u. Calculate the greatest common divisor of 9 and y.
9
Suppose -3*y = -2*y. Suppose f + 5*f - 24 = y. Calculate the greatest common factor of 6 and f.
2
Suppose -3*l = -2*h - 37, 61*l - 58*l - 35 = h. Let f = 13 - 2. What is the highest common factor of l and f?
11
Suppose 13 = -4*b + 3*l + 45, -l + 1 = b. Calculate the greatest common factor of 45 and b.
5
Let d(x) = 2*x**3 + 15*x**2 - 10*x + 15. Let q be d(-8). What is the greatest common factor of 31 and q?
31
Let p be (4 - 12)/((-1)/2). Suppose 6*i - 7*i + p = 0. Let g = -6 + i. Calculate the greatest common divisor of g and 2.
2
Let i = -51 + 34. Let b = -2 - i. Let g = 37 - b. What is the highest common factor of 88 and g?
22
Suppose -k = 4*l - 369, 2*l + 2*k - 69 = 117. What is the highest common factor of l and 4?
4
Let i = -55 - -211. Calculate the greatest common factor of i and 260.
52
Suppose -1110*a = -1107*a - 36. What is the highest common factor of 1128 and a?
12
Suppose 21*q = 9*q + 120. Let h be 2/10 + 62/(-10). Let r = 11 + h. What is the greatest common factor of r and q?
5
Suppose 4*g - 428 = -3*z + 4, -288 = -2*z - 3*g. What is the greatest common factor of z and 36?
36
Let n(v) = 17*v**2 - 27*v + 54. Let x be n(2). What is the highest common divisor of 136 and x?
68
Suppose 5*g - 98 = -2*r - r, 0 = 4*r - 5*g - 154. Let t be 1*1*-5*(25 - 6). Let h = t + 104. What is the highest common factor of h and r?
9
Suppose 0*u = -2*u + 6. Suppose 2*k - 3*k - 4*h = -14, -3*k = u*h - 42. Let f be -14*((-12)/3)/4. What is the greatest common factor of f and k?
14
Suppose 3*l - 3*j = 7*l - 1712, 1284 = 3*l + 5*j. Suppose 10 = 5*w, -2*w - 2*w = 5*x - l. What is the greatest common factor of x and 12?
12
Suppose 0 = 6*o - 151 - 41. What is the highest common factor of 32 and o?
32
Let r(u) = -u**2 + 10*u + 3. Let p be r(10). Let g(b) = -2*b**3 + 6*b**2 + b. Let h be g(p). Calculate the highest common factor of 12 and h.
3
Let d = -283 + 315. Calculate the highest common factor of d and 448.
32
Let p = 226 - 184. What is the greatest common factor of 273 and p?
21
Let i = -495 - -735. Calculate the greatest common divisor of i and 192.
48
Let i(d) = -d**3 - 20*d**2 - 21*d + 18. Let s = -6 + -13. Let u be i(s). Calculate the highest common factor of 7 and u.
7
Suppose -2*p = -4*y + 14, 5*p + 3*y - 4 = -0*p. Let l be 39*p*1/(-3). What is the greatest common divisor of l and 39?
13
Let u(b) = 4 - 6*b - 13 + 4. Let f be u(-4). Suppose 4*y + f - 23 = 0. What is the greatest common divisor of 11 and y?
1
Suppose 0*b + 66 = b. Suppose 3*h - h = b. Let v = 71 - 60. Calculate the highest common factor of v and h.
11
Suppose 2 + 4 = 3*z. Suppose -59 = -z*a + s, 3*a + 4*s - 16 = 78. Let r = 220 - 208. Calculate the greatest common divisor of a and r.
6
Let h(l) = 25*l + 987. Let c be h(-39). Let p = -45 - -105. Calculate the highest common divisor of c and p.
12
Suppose -304 = -p + 60. What is the greatest common factor of p and 28?
28
Let w be 2 + 2 + 4/2. Let r be (3/w)/((-5)/(-120)). Calculate the greatest common factor of 132 and r.
12
Let c be ((-105)/6)/((-15)/18). Calculate the highest common factor of c and 525.
21
Let d(q) = -q**3 - 11*q**2 - 14*q - 35. Let r be d(-10). Suppose -r + 17 = 2*v. Calculate the highest common factor of 48 and v.
6
Let h(i) be the first derivative of i**3/3 + 3*i**2 - 21*i + 14. Let s be h(-10). Calculate the highest common factor of s and 152.
19
Suppose -3*k = -8 - 1. Suppose 2*v - k*m - 91 - 17 = 0, -55 = -v + m. Suppose -2*s = -3 - v. What is the greatest common divisor of s and 15?
15
Let o be (-1 - 2)*(4 - 23). Suppose 0 = -2*q - o + 295. What is the greatest common divisor of q and 17?
17
Let w(v) = -3*v**3 - 2*v**2 - 10*v - 13. Let i(o) = 2*o - 62. Let q be i(29). Let f be w(q). Calculate the greatest common divisor of f and 11.
11
Let t(a) = 8*a + 257. Let s be t(-31). What is the highest common divisor of s and 30?
3
Suppose 0*j - 975 = -15*j. What is the highest common factor of 39 and j?
13
Let w be (-4)/22 + (49023/11)/9. Suppose -3*m = 8*m - w. Calculate the highest common factor of 30 and m.
15
Let j be (-25)/35 - (-4)/(-14). Let z be 10 + -1 - (2 + j). Suppose 96*u = 6534 - 1158. What is the highest common factor of u and z?
8
Let z = -94 + 130. What is the highest common factor of z and 2682?
18
Suppose 0 = -4*b - z + 6*z + 6, -5*z + 10 = 0. Let t(c) = 3*c - 10. Let p be t(4). Let u be 87/p - 9/(-18). Calculate the greatest common factor of b and u.
4
Suppose a - 24 - 8 = 0. Let g be (-3 + 131)/((-3)/(-6)). Calculate the highest common divisor of a and g.
32
Suppose -22*g - 90 = -25*g. Let w be -2 - -4 - -58*1. Calculate the greatest common divisor of g and w.
30
Let v = -7 + -2. Let r be 2/v + (-254)/(-9). Let z be (-88)/(-24) - (-2)/6. Calculate the highest common divisor of r and z.
4
Let r be (198/12 + -6)*10. What is the highest common factor of 945 and r?
105
Let s = -1 + 5. Suppose -4*f = -5*d - 17, s*f = -5*d + 2*d + 41. What is the greatest common factor of f and 72?
8
Let o = 469 - 430. Let b be (-6)/21 - (-372)/28. Calculate the greatest common divisor of o and b.
13
Suppose 84*w = 83*w + 312. What is the highest common divisor of 12 and w?
12
Let u = 19 + -27. Let r be 20/u*(-12)/2. Calculate the greatest common factor of r and 3.
3
Suppose -5*z + 4*m = -840, 562 + 110 = 4*z + 4*m. Let w be (-105)/10*(-16)/6. What is the highest common factor of z and w?
28
Let k = -20 + 25. Suppose 2*o + 63 = k*o. Calculate the greatest common divisor of o and 42.
21
Let j be -1 + 1 + 126/2. Let u(y) = -2*y**3 - 5*y**2 + 5*y + 4. Let f be u(-4). Suppose -4 = 4*c - f. What is the greatest common factor of j and c?
7
Let x = -2 - -15. Let o(g) = 12*g**2 - 5*g - 10. Let f be o(10). Let t be 8/44 + f/22. What is the highest common divisor of t and x?
13
Suppose -3*h - g = -85, 5*h - 202 = 4*g - 66. Suppose -l + 3*l = h. Suppose 4*t - 28 - 56 = 0. Calculate the greatest common divisor of l and t.
7
Let p(f) = -7*f + 3 - 3 + 22*f - 8. Let v be 16/(-6)*(-9)/6. Let g be p(v). What is the highest common factor of 13 and g?
13
Let b be 11 - 28 - -14 - 92/(-2). Calculate the greatest common divisor of b and 387.
43
Let u = 66 + -64. Suppose 0*t = 5*y - u*t - 7, -27 = -5*y - 3*t. Calculate the highest common divisor of y and 24.
3
Let w be (-4)/2*(-10)/1. Let c be (39/156 - 19/(-4)) + 155. Calculate the highest common divisor of w and c.
20
Let p = 75 + -47. Let a = p + -27. Suppose 35 = 5*m - 5*d, 13 = -0*m + m + 2*d. Calculate the highest common divisor of m and a.
1
Let w(x) be the third derivative of x**4/24 + 13*x**3/6 + x**2. Let m be w(-7). What is the greatest common factor of 48 and m?
6
Suppose -3*g + 3171 = 3*l, 0 = -l + 4*g + 1112 - 40. Calculate the highest common divisor of l and 40.
20
Suppose 3*f = 48 + 9. Let g(t) = t**3 - 6*t**2 + 3*t + 5. Let m be g(5). Let q be m/((-15)/297) + -4. What is the highest common factor of q and f?
19
Let u(p) = -2*p - 33. Let a be u(-15). Let n be (a + 4)/(5/(-1155)). Let y be n/(-14) + 6/(-4). What is the greatest common factor of y and 30?
15
Let x = -81 + 82. Suppose 4*h + 18 = 3*o, -3*o - 4 = 4*h + 2. Suppose 2 = -o*q, -3*m + 7*m + q - 31 = 0. What is the highest common factor of x and m?
1
Let v be 6*834/72 + 6/12. Let w(x) = -8*x + 2. Let c be w(-5). What is the highest common factor of c and v?
14
Let g be 2/(-4) + 95/10*3. Calculate the greatest common factor of 20 and g.
4
Suppose -3*q = 5*j - 6*q - 318, j - 61 = -2*q. Calculate the greatest common factor of j and 108.
9
Let n be ((-494)/(-3))/((4/(-6))/(-1)). Calculate the greatest common divisor of 19 and n.
19
Let w(c) = -c**3 - 6*c**2 - 3*c - 9. Let r be w(-6). Let p(l) = -14*l - 45. Let z be p(-9). What is the greatest common factor of z and r?
9
Suppose -8*z = -6*z - 14. Calculate the greatest common divisor of 469 and z.
7
Suppose g - 720 = -4*q, -4*g - 180 = -q - 6*g. Calculate the highest common factor of q and 60.
60
Let b be -30*(-6)/(-24)*-2. Calculate the greatest common divisor of 375 and b.
15
Suppose 22*b = 18*b + 8. Suppose 11 = -b*s + 77. Suppose -4*u - 8 + 2 = 2*c, 4*c + 2*u - 6 = 0. What is the greatest common divisor of s and c?
3
Let f = -162 - -160. Let m be 1/f*14/(-7). C